{"id":7,"date":"2022-10-16T13:41:39","date_gmt":"2022-10-16T13:41:39","guid":{"rendered":"https:\/\/optimistic-austin.68-66-216-34.plesk.page\/?page_id=7"},"modified":"2022-10-27T08:58:27","modified_gmt":"2022-10-27T08:58:27","slug":"fooldal","status":"publish","type":"page","link":"https:\/\/bajnokcenter.citynetx.hu\/","title":{"rendered":"F\u0151oldal"},"content":{"rendered":"\n<div class=\"wp-block-cover is-light\" style=\"min-height:50px;aspect-ratio:unset;\"><span aria-hidden=\"true\" class=\"wp-block-cover__background has-background-dim\"><\/span><img loading=\"lazy\" decoding=\"async\" width=\"1500\" height=\"1000\" src=\"https:\/\/bajnokcenter.citynetx.hu\/wp-content\/uploads\/2022\/10\/IMG_1569.jpg\" class=\"wp-block-cover__image-background no-lazy wp-post-image\" alt=\"\" data-object-fit=\"cover\" srcset=\"https:\/\/bajnokcenter.citynetx.hu\/wp-content\/uploads\/2022\/10\/IMG_1569.jpg 1500w, https:\/\/bajnokcenter.citynetx.hu\/wp-content\/uploads\/2022\/10\/IMG_1569-300x200.jpg 300w, https:\/\/bajnokcenter.citynetx.hu\/wp-content\/uploads\/2022\/10\/IMG_1569-1024x683.jpg 1024w, https:\/\/bajnokcenter.citynetx.hu\/wp-content\/uploads\/2022\/10\/IMG_1569-768x512.jpg 768w\" sizes=\"auto, (max-width: 1500px) 100vw, 1500px\" \/><div class=\"wp-block-cover__inner-container is-layout-flow wp-block-cover-is-layout-flow\">\n<div class=\"wp-block-group\"><div class=\"wp-block-group__inner-container is-layout-flow wp-block-group-is-layout-flow\">\n<section class=\"wp-block-attire-blocks-section w3eden undefined atbs-ccss-7a6489c8\" style=\"background:linear-gradient( 45deg, rgba( 57, 47, 67, 0.7) 0%, rgba( 57, 47, 67, 0.7) 100%), url();background-repeat:no-repeat;background-position:left center;background-size:cover\"><div class=\"container\">\n<div style=\"height:50px\" aria-hidden=\"true\" class=\"wp-block-spacer\"><\/div>\n\n\n\n<div class=\"wp-block-group\"><div class=\"wp-block-group__inner-container is-layout-constrained wp-block-group-is-layout-constrained\">\n<h6 class=\"has-text-align-center letter-space has-luminous-vivid-amber-color has-text-color wp-block-heading\" style=\"font-size:24px\">1063 Bajnok utca 13.<\/h6>\n\n\n\n<div style=\"height:20px\" aria-hidden=\"true\" class=\"wp-block-spacer\"><\/div>\n\n\n\n<h1 class=\"has-text-align-center has-text-color wp-block-heading\" style=\"color:#ffffff;font-size:60px\">Bajnok Center Irodah\u00e1z<\/h1>\n\n\n\n<div style=\"height:20px\" aria-hidden=\"true\" class=\"wp-block-spacer\"><\/div>\n\n\n\n<p class=\"has-text-align-center has-very-light-gray-color has-text-color\" style=\"font-size:19px\">Vestibulum rutrum quam vitae fringilla tincidunt. Suspn disse nec tortor urna. Ut<br> laoreet sodales nisi, iaculis nulla iculis vitae donec sagittis. Vestibulum rutrum<br> quam vitae fringilla tincidunt.<\/p>\n\n\n\n<div style=\"height:30px\" aria-hidden=\"true\" class=\"wp-block-spacer\"><\/div>\n\n\n\n<div class=\"wp-block-attire-blocks-buttons attire-blocks atbs-buttons\"><style id=\"atbs-buttons-ec1a5ee2\">.atbs-buttons-wrapper-ec1a5ee2 button{padding:20px 30px 20px 30px ;margin:10px 0px 10px 0px ;}<\/style><div class=\"attire-blocks atbs-buttons-wrapper-ec1a5ee2\" style=\"text-align:center\"><style>.atbs-buttons-wrapper-ec1a5ee2 .atbs-button-0:hover{background-color:#fff!important;}.atbs-buttons-wrapper-ec1a5ee2 .atbs-button-0:hover span{color:#ff3860!important;}<\/style><button class=\"btn atbs-button-0\" style=\"border-width:0px;border-radius:4px;border-style:solid;border-color:grey;background-color:#ff3860\"><span style=\"font-size:18px;font-weight:400;color:#fff;font-style:normal;text-transform:uppercase\">\u00c9rdekel<\/span><\/button><\/div><\/div>\n\n\n\n<p><\/p>\n<\/div><\/div>\n\n\n\n<div style=\"height:50px\" aria-hidden=\"true\" class=\"wp-block-spacer\"><\/div>\n<\/div><\/section>\n<\/div><\/div>\n<\/div><\/div>\n","protected":false},"excerpt":{"rendered":"","protected":false},"author":2,"featured_media":134,"parent":0,"menu_order":0,"comment_status":"closed","ping_status":"closed","template":"","meta":{"footnotes":""},"class_list":["post-7","page","type-page","status-publish","has-post-thumbnail","czr-hentry"],"yoast_head":"<!-- This site is optimized with the Yoast SEO plugin v27.3 - https:\/\/yoast.com\/product\/yoast-seo-wordpress\/ -->\n<title>F\u0151oldal - Bajnok Center Irodah\u00e1z<\/title>\n<meta name=\"description\" content=\"Bajnok utca 13. Bajnok Center Irodah\u00e1z -\" \/>\n<meta name=\"robots\" content=\"noindex, follow, max-snippet:-1, max-image-preview:large, max-video-preview:-1\" \/>\n<meta property=\"og:locale\" content=\"hu_HU\" \/>\n<meta property=\"og:type\" content=\"article\" \/>\n<meta property=\"og:title\" content=\"F\u0151oldal - Bajnok Center Irodah\u00e1z\" \/>\n<meta property=\"og:description\" content=\"Bajnok utca 13. Bajnok Center Irodah\u00e1z -\" \/>\n<meta property=\"og:url\" content=\"https:\/\/bajnokcenter.citynetx.hu\/\" \/>\n<meta property=\"og:site_name\" content=\"Bajnok Center Irodah\u00e1z\" \/>\n<meta property=\"article:modified_time\" content=\"2022-10-27T08:58:27+00:00\" \/>\n<meta property=\"og:image\" content=\"https:\/\/bajnokcenter.citynetx.hu\/wp-content\/uploads\/2022\/10\/IMG_1569.jpg\" \/>\n\t<meta property=\"og:image:width\" content=\"1500\" \/>\n\t<meta property=\"og:image:height\" content=\"1000\" \/>\n\t<meta property=\"og:image:type\" content=\"image\/jpeg\" \/>\n<meta name=\"twitter:card\" content=\"summary_large_image\" \/>\n<meta name=\"twitter:label1\" content=\"Becs\u00fclt olvas\u00e1si id\u0151\" \/>\n\t<meta name=\"twitter:data1\" content=\"1 perc\" \/>\n<script type=\"application\/ld+json\" class=\"yoast-schema-graph\">{\"@context\":\"https:\\\/\\\/schema.org\",\"@graph\":[{\"@type\":\"WebPage\",\"@id\":\"https:\\\/\\\/bajnokcenter.citynetx.hu\\\/\",\"url\":\"https:\\\/\\\/bajnokcenter.citynetx.hu\\\/\",\"name\":\"F\u0151oldal - Bajnok Center Irodah\u00e1z\",\"isPartOf\":{\"@id\":\"https:\\\/\\\/bajnokcenter.citynetx.hu\\\/#website\"},\"primaryImageOfPage\":{\"@id\":\"https:\\\/\\\/bajnokcenter.citynetx.hu\\\/#primaryimage\"},\"image\":{\"@id\":\"https:\\\/\\\/bajnokcenter.citynetx.hu\\\/#primaryimage\"},\"thumbnailUrl\":\"https:\\\/\\\/bajnokcenter.citynetx.hu\\\/wp-content\\\/uploads\\\/2022\\\/10\\\/IMG_1569.jpg\",\"datePublished\":\"2022-10-16T13:41:39+00:00\",\"dateModified\":\"2022-10-27T08:58:27+00:00\",\"description\":\"Bajnok utca 13. Bajnok Center Irodah\u00e1z -\",\"breadcrumb\":{\"@id\":\"https:\\\/\\\/bajnokcenter.citynetx.hu\\\/#breadcrumb\"},\"inLanguage\":\"hu\",\"potentialAction\":[{\"@type\":\"ReadAction\",\"target\":[\"https:\\\/\\\/bajnokcenter.citynetx.hu\\\/\"]}]},{\"@type\":\"ImageObject\",\"inLanguage\":\"hu\",\"@id\":\"https:\\\/\\\/bajnokcenter.citynetx.hu\\\/#primaryimage\",\"url\":\"https:\\\/\\\/bajnokcenter.citynetx.hu\\\/wp-content\\\/uploads\\\/2022\\\/10\\\/IMG_1569.jpg\",\"contentUrl\":\"https:\\\/\\\/bajnokcenter.citynetx.hu\\\/wp-content\\\/uploads\\\/2022\\\/10\\\/IMG_1569.jpg\",\"width\":1500,\"height\":1000},{\"@type\":\"BreadcrumbList\",\"@id\":\"https:\\\/\\\/bajnokcenter.citynetx.hu\\\/#breadcrumb\",\"itemListElement\":[{\"@type\":\"ListItem\",\"position\":1,\"name\":\"Kezd\u0151lap\",\"item\":\"https:\\\/\\\/bajnokcenter.citynetx.hu\\\/\"},{\"@type\":\"ListItem\",\"position\":2,\"name\":\"F\u0151oldal\"}]},{\"@type\":\"WebSite\",\"@id\":\"https:\\\/\\\/bajnokcenter.citynetx.hu\\\/#website\",\"url\":\"https:\\\/\\\/bajnokcenter.citynetx.hu\\\/\",\"name\":\"Bajnok Center Irodah\u00e1z\",\"description\":\"Bajnok utca 13.\",\"potentialAction\":[{\"@type\":\"SearchAction\",\"target\":{\"@type\":\"EntryPoint\",\"urlTemplate\":\"https:\\\/\\\/bajnokcenter.citynetx.hu\\\/?s={search_term_string}\"},\"query-input\":{\"@type\":\"PropertyValueSpecification\",\"valueRequired\":true,\"valueName\":\"search_term_string\"}}],\"inLanguage\":\"hu\"}]}<\/script>\n<!-- \/ Yoast SEO plugin. -->","yoast_head_json":{"title":"F\u0151oldal - Bajnok Center Irodah\u00e1z","description":"Bajnok utca 13. Bajnok Center Irodah\u00e1z -","robots":{"index":"noindex","follow":"follow","max-snippet":"max-snippet:-1","max-image-preview":"max-image-preview:large","max-video-preview":"max-video-preview:-1"},"og_locale":"hu_HU","og_type":"article","og_title":"F\u0151oldal - Bajnok Center Irodah\u00e1z","og_description":"Bajnok utca 13. Bajnok Center Irodah\u00e1z -","og_url":"https:\/\/bajnokcenter.citynetx.hu\/","og_site_name":"Bajnok Center Irodah\u00e1z","article_modified_time":"2022-10-27T08:58:27+00:00","og_image":[{"width":1500,"height":1000,"url":"https:\/\/bajnokcenter.citynetx.hu\/wp-content\/uploads\/2022\/10\/IMG_1569.jpg","type":"image\/jpeg"}],"twitter_card":"summary_large_image","twitter_misc":{"Becs\u00fclt olvas\u00e1si id\u0151":"1 perc"},"schema":{"@context":"https:\/\/schema.org","@graph":[{"@type":"WebPage","@id":"https:\/\/bajnokcenter.citynetx.hu\/","url":"https:\/\/bajnokcenter.citynetx.hu\/","name":"F\u0151oldal - Bajnok Center Irodah\u00e1z","isPartOf":{"@id":"https:\/\/bajnokcenter.citynetx.hu\/#website"},"primaryImageOfPage":{"@id":"https:\/\/bajnokcenter.citynetx.hu\/#primaryimage"},"image":{"@id":"https:\/\/bajnokcenter.citynetx.hu\/#primaryimage"},"thumbnailUrl":"https:\/\/bajnokcenter.citynetx.hu\/wp-content\/uploads\/2022\/10\/IMG_1569.jpg","datePublished":"2022-10-16T13:41:39+00:00","dateModified":"2022-10-27T08:58:27+00:00","description":"Bajnok utca 13. Bajnok Center Irodah\u00e1z -","breadcrumb":{"@id":"https:\/\/bajnokcenter.citynetx.hu\/#breadcrumb"},"inLanguage":"hu","potentialAction":[{"@type":"ReadAction","target":["https:\/\/bajnokcenter.citynetx.hu\/"]}]},{"@type":"ImageObject","inLanguage":"hu","@id":"https:\/\/bajnokcenter.citynetx.hu\/#primaryimage","url":"https:\/\/bajnokcenter.citynetx.hu\/wp-content\/uploads\/2022\/10\/IMG_1569.jpg","contentUrl":"https:\/\/bajnokcenter.citynetx.hu\/wp-content\/uploads\/2022\/10\/IMG_1569.jpg","width":1500,"height":1000},{"@type":"BreadcrumbList","@id":"https:\/\/bajnokcenter.citynetx.hu\/#breadcrumb","itemListElement":[{"@type":"ListItem","position":1,"name":"Kezd\u0151lap","item":"https:\/\/bajnokcenter.citynetx.hu\/"},{"@type":"ListItem","position":2,"name":"F\u0151oldal"}]},{"@type":"WebSite","@id":"https:\/\/bajnokcenter.citynetx.hu\/#website","url":"https:\/\/bajnokcenter.citynetx.hu\/","name":"Bajnok Center Irodah\u00e1z","description":"Bajnok utca 13.","potentialAction":[{"@type":"SearchAction","target":{"@type":"EntryPoint","urlTemplate":"https:\/\/bajnokcenter.citynetx.hu\/?s={search_term_string}"},"query-input":{"@type":"PropertyValueSpecification","valueRequired":true,"valueName":"search_term_string"}}],"inLanguage":"hu"}]}},"_links":{"self":[{"href":"https:\/\/bajnokcenter.citynetx.hu\/index.php\/wp-json\/wp\/v2\/pages\/7","targetHints":{"allow":["GET"]}}],"collection":[{"href":"https:\/\/bajnokcenter.citynetx.hu\/index.php\/wp-json\/wp\/v2\/pages"}],"about":[{"href":"https:\/\/bajnokcenter.citynetx.hu\/index.php\/wp-json\/wp\/v2\/types\/page"}],"author":[{"embeddable":true,"href":"https:\/\/bajnokcenter.citynetx.hu\/index.php\/wp-json\/wp\/v2\/users\/2"}],"replies":[{"embeddable":true,"href":"https:\/\/bajnokcenter.citynetx.hu\/index.php\/wp-json\/wp\/v2\/comments?post=7"}],"version-history":[{"count":76,"href":"https:\/\/bajnokcenter.citynetx.hu\/index.php\/wp-json\/wp\/v2\/pages\/7\/revisions"}],"predecessor-version":[{"id":703,"href":"https:\/\/bajnokcenter.citynetx.hu\/index.php\/wp-json\/wp\/v2\/pages\/7\/revisions\/703"}],"wp:featuredmedia":[{"embeddable":true,"href":"https:\/\/bajnokcenter.citynetx.hu\/index.php\/wp-json\/wp\/v2\/media\/134"}],"wp:attachment":[{"href":"https:\/\/bajnokcenter.citynetx.hu\/index.php\/wp-json\/wp\/v2\/media?parent=7"}],"curies":[{"name":"wp","href":"https:\/\/api.w.org\/{rel}","templated":true}]}}