{"id":550,"date":"2022-10-25T15:28:00","date_gmt":"2022-10-25T15:28:00","guid":{"rendered":"https:\/\/bajnokcenter.citynetx.hu\/?page_id=550"},"modified":"2022-10-26T23:02:13","modified_gmt":"2022-10-26T23:02:13","slug":"kepgalleria","status":"publish","type":"page","link":"https:\/\/bajnokcenter.citynetx.hu\/index.php\/kepgalleria\/","title":{"rendered":"K\u00e9pgal\u00e9ria"},"content":{"rendered":"","protected":false},"excerpt":{"rendered":"","protected":false},"author":2,"featured_media":0,"parent":0,"menu_order":0,"comment_status":"closed","ping_status":"closed","template":"","meta":{"footnotes":""},"class_list":["post-550","page","type-page","status-publish","czr-hentry"],"yoast_head":"<!-- This site is optimized with the Yoast SEO plugin v27.3 - https:\/\/yoast.com\/product\/yoast-seo-wordpress\/ -->\n<title>K\u00e9pgal\u00e9ria - Bajnok Center Irodah\u00e1z<\/title>\n<meta name=\"robots\" content=\"noindex, follow, max-snippet:-1, max-image-preview:large, max-video-preview:-1\" \/>\n<meta property=\"og:locale\" content=\"hu_HU\" \/>\n<meta property=\"og:type\" content=\"article\" \/>\n<meta property=\"og:title\" content=\"K\u00e9pgal\u00e9ria - Bajnok Center Irodah\u00e1z\" \/>\n<meta property=\"og:url\" content=\"https:\/\/bajnokcenter.citynetx.hu\/index.php\/kepgalleria\/\" \/>\n<meta property=\"og:site_name\" content=\"Bajnok Center Irodah\u00e1z\" \/>\n<meta property=\"article:modified_time\" content=\"2022-10-26T23:02:13+00:00\" \/>\n<meta name=\"twitter:card\" content=\"summary_large_image\" \/>\n<script type=\"application\/ld+json\" class=\"yoast-schema-graph\">{\"@context\":\"https:\\\/\\\/schema.org\",\"@graph\":[{\"@type\":\"WebPage\",\"@id\":\"https:\\\/\\\/bajnokcenter.citynetx.hu\\\/index.php\\\/kepgalleria\\\/\",\"url\":\"https:\\\/\\\/bajnokcenter.citynetx.hu\\\/index.php\\\/kepgalleria\\\/\",\"name\":\"K\u00e9pgal\u00e9ria - Bajnok Center Irodah\u00e1z\",\"isPartOf\":{\"@id\":\"https:\\\/\\\/bajnokcenter.citynetx.hu\\\/#website\"},\"datePublished\":\"2022-10-25T15:28:00+00:00\",\"dateModified\":\"2022-10-26T23:02:13+00:00\",\"breadcrumb\":{\"@id\":\"https:\\\/\\\/bajnokcenter.citynetx.hu\\\/index.php\\\/kepgalleria\\\/#breadcrumb\"},\"inLanguage\":\"hu\",\"potentialAction\":[{\"@type\":\"ReadAction\",\"target\":[\"https:\\\/\\\/bajnokcenter.citynetx.hu\\\/index.php\\\/kepgalleria\\\/\"]}]},{\"@type\":\"BreadcrumbList\",\"@id\":\"https:\\\/\\\/bajnokcenter.citynetx.hu\\\/index.php\\\/kepgalleria\\\/#breadcrumb\",\"itemListElement\":[{\"@type\":\"ListItem\",\"position\":1,\"name\":\"Kezd\u0151lap\",\"item\":\"https:\\\/\\\/bajnokcenter.citynetx.hu\\\/\"},{\"@type\":\"ListItem\",\"position\":2,\"name\":\"K\u00e9pgal\u00e9ria\"}]},{\"@type\":\"WebSite\",\"@id\":\"https:\\\/\\\/bajnokcenter.citynetx.hu\\\/#website\",\"url\":\"https:\\\/\\\/bajnokcenter.citynetx.hu\\\/\",\"name\":\"Bajnok Center Irodah\u00e1z\",\"description\":\"Bajnok utca 13.\",\"potentialAction\":[{\"@type\":\"SearchAction\",\"target\":{\"@type\":\"EntryPoint\",\"urlTemplate\":\"https:\\\/\\\/bajnokcenter.citynetx.hu\\\/?s={search_term_string}\"},\"query-input\":{\"@type\":\"PropertyValueSpecification\",\"valueRequired\":true,\"valueName\":\"search_term_string\"}}],\"inLanguage\":\"hu\"}]}<\/script>\n<!-- \/ Yoast SEO plugin. -->","yoast_head_json":{"title":"K\u00e9pgal\u00e9ria - Bajnok Center Irodah\u00e1z","robots":{"index":"noindex","follow":"follow","max-snippet":"max-snippet:-1","max-image-preview":"max-image-preview:large","max-video-preview":"max-video-preview:-1"},"og_locale":"hu_HU","og_type":"article","og_title":"K\u00e9pgal\u00e9ria - Bajnok Center Irodah\u00e1z","og_url":"https:\/\/bajnokcenter.citynetx.hu\/index.php\/kepgalleria\/","og_site_name":"Bajnok Center Irodah\u00e1z","article_modified_time":"2022-10-26T23:02:13+00:00","twitter_card":"summary_large_image","schema":{"@context":"https:\/\/schema.org","@graph":[{"@type":"WebPage","@id":"https:\/\/bajnokcenter.citynetx.hu\/index.php\/kepgalleria\/","url":"https:\/\/bajnokcenter.citynetx.hu\/index.php\/kepgalleria\/","name":"K\u00e9pgal\u00e9ria - Bajnok Center Irodah\u00e1z","isPartOf":{"@id":"https:\/\/bajnokcenter.citynetx.hu\/#website"},"datePublished":"2022-10-25T15:28:00+00:00","dateModified":"2022-10-26T23:02:13+00:00","breadcrumb":{"@id":"https:\/\/bajnokcenter.citynetx.hu\/index.php\/kepgalleria\/#breadcrumb"},"inLanguage":"hu","potentialAction":[{"@type":"ReadAction","target":["https:\/\/bajnokcenter.citynetx.hu\/index.php\/kepgalleria\/"]}]},{"@type":"BreadcrumbList","@id":"https:\/\/bajnokcenter.citynetx.hu\/index.php\/kepgalleria\/#breadcrumb","itemListElement":[{"@type":"ListItem","position":1,"name":"Kezd\u0151lap","item":"https:\/\/bajnokcenter.citynetx.hu\/"},{"@type":"ListItem","position":2,"name":"K\u00e9pgal\u00e9ria"}]},{"@type":"WebSite","@id":"https:\/\/bajnokcenter.citynetx.hu\/#website","url":"https:\/\/bajnokcenter.citynetx.hu\/","name":"Bajnok Center Irodah\u00e1z","description":"Bajnok utca 13.","potentialAction":[{"@type":"SearchAction","target":{"@type":"EntryPoint","urlTemplate":"https:\/\/bajnokcenter.citynetx.hu\/?s={search_term_string}"},"query-input":{"@type":"PropertyValueSpecification","valueRequired":true,"valueName":"search_term_string"}}],"inLanguage":"hu"}]}},"_links":{"self":[{"href":"https:\/\/bajnokcenter.citynetx.hu\/index.php\/wp-json\/wp\/v2\/pages\/550","targetHints":{"allow":["GET"]}}],"collection":[{"href":"https:\/\/bajnokcenter.citynetx.hu\/index.php\/wp-json\/wp\/v2\/pages"}],"about":[{"href":"https:\/\/bajnokcenter.citynetx.hu\/index.php\/wp-json\/wp\/v2\/types\/page"}],"author":[{"embeddable":true,"href":"https:\/\/bajnokcenter.citynetx.hu\/index.php\/wp-json\/wp\/v2\/users\/2"}],"replies":[{"embeddable":true,"href":"https:\/\/bajnokcenter.citynetx.hu\/index.php\/wp-json\/wp\/v2\/comments?post=550"}],"version-history":[{"count":6,"href":"https:\/\/bajnokcenter.citynetx.hu\/index.php\/wp-json\/wp\/v2\/pages\/550\/revisions"}],"predecessor-version":[{"id":645,"href":"https:\/\/bajnokcenter.citynetx.hu\/index.php\/wp-json\/wp\/v2\/pages\/550\/revisions\/645"}],"wp:attachment":[{"href":"https:\/\/bajnokcenter.citynetx.hu\/index.php\/wp-json\/wp\/v2\/media?parent=550"}],"curies":[{"name":"wp","href":"https:\/\/api.w.org\/{rel}","templated":true}]}}